{"id":914,"date":"2024-09-20T14:27:49","date_gmt":"2024-09-20T14:27:49","guid":{"rendered":"https:\/\/trilhasdefuturo.unipac.br\/?page_id=914"},"modified":"2025-09-11T14:58:45","modified_gmt":"2025-09-11T14:58:45","slug":"tecnico-em-producao-de-audio-e-video","status":"publish","type":"page","link":"https:\/\/trilhasdefuturo.unipac.br\/tecnico-em-producao-de-audio-e-video\/","title":{"rendered":"T\u00c9CNICO EM PRODU\u00c7\u00c3O DE \u00c1UDIO E V\u00cdDEO"},"content":{"rendered":"\t\t<div data-elementor-type=\"wp-page\" data-elementor-id=\"914\" class=\"elementor elementor-914\" data-elementor-post-type=\"page\">\n\t\t\t\t\t\t<section class=\"elementor-section elementor-top-section elementor-element elementor-element-8ce375b elementor-section-boxed elementor-section-height-default elementor-section-height-default wpr-particle-no wpr-jarallax-no wpr-parallax-no wpr-sticky-section-no\" data-id=\"8ce375b\" data-element_type=\"section\">\n\t\t\t\t\t\t<div class=\"elementor-container elementor-column-gap-default\">\n\t\t\t\t\t<div class=\"elementor-column elementor-col-50 elementor-top-column elementor-element elementor-element-1fd95a2\" data-id=\"1fd95a2\" data-element_type=\"column\">\n\t\t\t<div class=\"elementor-widget-wrap elementor-element-populated\">\n\t\t\t\t\t\t<div class=\"elementor-element elementor-element-bda1ba6 elementor-widget elementor-widget-image\" data-id=\"bda1ba6\" data-element_type=\"widget\" data-widget_type=\"image.default\">\n\t\t\t\t<div class=\"elementor-widget-container\">\n\t\t\t\t\t\t\t\t\t\t\t\t\t\t\t<img fetchpriority=\"high\" decoding=\"async\" width=\"800\" height=\"1000\" src=\"https:\/\/trilhasdefuturo.unipac.br\/wp-content\/uploads\/2025\/09\/Producao-de-Audio-e-Video-819x1024.jpg\" class=\"attachment-large size-large wp-image-1227\" alt=\"\" srcset=\"https:\/\/trilhasdefuturo.unipac.br\/wp-content\/uploads\/2025\/09\/Producao-de-Audio-e-Video-819x1024.jpg 819w, https:\/\/trilhasdefuturo.unipac.br\/wp-content\/uploads\/2025\/09\/Producao-de-Audio-e-Video-240x300.jpg 240w, https:\/\/trilhasdefuturo.unipac.br\/wp-content\/uploads\/2025\/09\/Producao-de-Audio-e-Video-768x960.jpg 768w, https:\/\/trilhasdefuturo.unipac.br\/wp-content\/uploads\/2025\/09\/Producao-de-Audio-e-Video.jpg 1080w\" sizes=\"(max-width: 800px) 100vw, 800px\" \/>\t\t\t\t\t\t\t\t\t\t\t\t\t\t\t<\/div>\n\t\t\t\t<\/div>\n\t\t\t\t\t<\/div>\n\t\t<\/div>\n\t\t\t\t<div class=\"elementor-column elementor-col-50 elementor-top-column elementor-element elementor-element-b831b5e\" data-id=\"b831b5e\" data-element_type=\"column\">\n\t\t\t<div class=\"elementor-widget-wrap elementor-element-populated\">\n\t\t\t\t\t\t<div class=\"elementor-element elementor-element-f15dbec elementor-widget elementor-widget-heading\" data-id=\"f15dbec\" data-element_type=\"widget\" data-widget_type=\"heading.default\">\n\t\t\t\t<div class=\"elementor-widget-container\">\n\t\t\t\t\t<h2 class=\"elementor-heading-title elementor-size-default\">T\u00c9CNICO EM PRODU\u00c7\u00c3O DE \u00c1UDIO E V\u00cdDEO<\/h2>\t\t\t\t<\/div>\n\t\t\t\t<\/div>\n\t\t\t\t<div class=\"elementor-element elementor-element-d08a693 elementor-widget elementor-widget-text-editor\" data-id=\"d08a693\" data-element_type=\"widget\" data-widget_type=\"text-editor.default\">\n\t\t\t\t<div class=\"elementor-widget-container\">\n\t\t\t\t\t\t\t\t\t<p>O\u00a0<strong>Curso T\u00e9cnico em \u00c1udio e V\u00eddeo<\/strong>, que tem como objetivo aperfei\u00e7oar de forma t\u00e9cnica aqueles que articulam trabalhos, cultura, ci\u00eancia e tecnologia. Durante o curso, o estudante aprende sobre conte\u00fados instrumentais, conhecimentos para compreens\u00e3o do mundo audiovisual e realizar atividades pr\u00e1ticas.<\/p>\t\t\t\t\t\t\t\t<\/div>\n\t\t\t\t<\/div>\n\t\t\t\t<div class=\"elementor-element elementor-element-ab5aae5 elementor-align-center elementor-widget elementor-widget-button\" data-id=\"ab5aae5\" data-element_type=\"widget\" data-widget_type=\"button.default\">\n\t\t\t\t<div class=\"elementor-widget-container\">\n\t\t\t\t\t\t\t\t\t<div class=\"elementor-button-wrapper\">\n\t\t\t\t\t<a class=\"elementor-button elementor-button-link elementor-size-sm\" href=\"https:\/\/www.trilhasdefuturo.mg.gov.br\/app\/verificacao\">\n\t\t\t\t\t\t<span class=\"elementor-button-content-wrapper\">\n\t\t\t\t\t\t\t\t\t<span class=\"elementor-button-text\">INSCREVA-SE AGORA!<\/span>\n\t\t\t\t\t<\/span>\n\t\t\t\t\t<\/a>\n\t\t\t\t<\/div>\n\t\t\t\t\t\t\t\t<\/div>\n\t\t\t\t<\/div>\n\t\t\t\t\t<\/div>\n\t\t<\/div>\n\t\t\t\t\t<\/div>\n\t\t<\/section>\n\t\t\t\t<section class=\"elementor-section elementor-top-section elementor-element elementor-element-d6511c5 elementor-section-boxed elementor-section-height-default elementor-section-height-default wpr-particle-no wpr-jarallax-no wpr-parallax-no wpr-sticky-section-no\" data-id=\"d6511c5\" data-element_type=\"section\">\n\t\t\t\t\t\t<div class=\"elementor-container elementor-column-gap-default\">\n\t\t\t\t\t<div class=\"elementor-column elementor-col-100 elementor-top-column elementor-element elementor-element-e849a75\" data-id=\"e849a75\" data-element_type=\"column\">\n\t\t\t<div class=\"elementor-widget-wrap elementor-element-populated\">\n\t\t\t\t\t\t<div class=\"elementor-element elementor-element-f952caa elementor-widget elementor-widget-spacer\" data-id=\"f952caa\" data-element_type=\"widget\" data-widget_type=\"spacer.default\">\n\t\t\t\t<div class=\"elementor-widget-container\">\n\t\t\t\t\t\t\t<div class=\"elementor-spacer\">\n\t\t\t<div class=\"elementor-spacer-inner\"><\/div>\n\t\t<\/div>\n\t\t\t\t\t\t<\/div>\n\t\t\t\t<\/div>\n\t\t\t\t\t<\/div>\n\t\t<\/div>\n\t\t\t\t\t<\/div>\n\t\t<\/section>\n\t\t\t\t<section class=\"elementor-section elementor-top-section elementor-element elementor-element-7dbc39c elementor-section-boxed elementor-section-height-default elementor-section-height-default wpr-particle-no wpr-jarallax-no wpr-parallax-no wpr-sticky-section-no\" data-id=\"7dbc39c\" data-element_type=\"section\">\n\t\t\t\t\t\t<div class=\"elementor-container elementor-column-gap-default\">\n\t\t\t\t\t<div class=\"elementor-column elementor-col-50 elementor-top-column elementor-element elementor-element-89ed514\" data-id=\"89ed514\" data-element_type=\"column\">\n\t\t\t<div class=\"elementor-widget-wrap elementor-element-populated\">\n\t\t\t\t\t\t<div class=\"elementor-element elementor-element-b12f35b elementor-widget elementor-widget-text-editor\" data-id=\"b12f35b\" data-element_type=\"widget\" data-widget_type=\"text-editor.default\">\n\t\t\t\t<div class=\"elementor-widget-container\">\n\t\t\t\t\t\t\t\t\t<p><strong>Habilidades | T\u00e9cnico em \u00c1udio e V\u00eddeo<\/strong><\/p><p>\u00a0<\/p><p>Com a competitividade que o mercado de trabalho tem apresentado ultimamente, contar com uma identidade profissional diferenciada \u00e9 um dos grandes passos para destacar-se no mercado, bem como, chamar a aten\u00e7\u00e3o do empregador, que busca cada vez mais por profissionais com m\u00e3o de obra qualificada.\u00a0<\/p><p>Portanto, para que o indiv\u00edduo venha conquistar excelentes\u00a0<strong>vagas de emprego<\/strong>, faz-se necess\u00e1rio que ele desenvolva ou aprimore habilidades importantes para o seu\u00a0<strong>perfil profissional<\/strong>. Conhe\u00e7a a seguir algumas caracter\u00edsticas essenciais para um profissional t\u00e9cnico em \u00e1udio e v\u00eddeo:<\/p><p>\u00a0<\/p><ul><li>Dinamismo;<\/li><li>Gosto pelas atividades culturais e art\u00edsticas;<\/li><li>Imagina\u00e7\u00e3o e Criatividade;<\/li><li>Gostar de fotografia, filmes e v\u00eddeos;<\/li><li>Ter aten\u00e7\u00e3o aos detalhes;<\/li><li>Sensibilidade art\u00edstica;<\/li><li>Facilidade de comunica\u00e7\u00e3o, entre outras.<\/li><\/ul>\t\t\t\t\t\t\t\t<\/div>\n\t\t\t\t<\/div>\n\t\t\t\t\t<\/div>\n\t\t<\/div>\n\t\t\t\t<div class=\"elementor-column elementor-col-50 elementor-top-column elementor-element elementor-element-7ca7ad8\" data-id=\"7ca7ad8\" data-element_type=\"column\">\n\t\t\t<div class=\"elementor-widget-wrap elementor-element-populated\">\n\t\t\t\t\t\t<div class=\"elementor-element elementor-element-f6351bc elementor-widget elementor-widget-text-editor\" data-id=\"f6351bc\" data-element_type=\"widget\" data-widget_type=\"text-editor.default\">\n\t\t\t\t<div class=\"elementor-widget-container\">\n\t\t\t\t\t\t\t\t\t<p><strong>Carreira | T\u00e9cnico em \u00c1udio e V\u00eddeo<\/strong><\/p><p>Outras atividades que ficam sob sua responsabilidade s\u00e3o: a investiga\u00e7\u00e3o da utiliza\u00e7\u00e3o de tecnologias de tratamento ac\u00fastico, de imagem, luminosidade e anima\u00e7\u00e3o. Ele tamb\u00e9m prepara material audiovisual, elabora fichas t\u00e9cnicas, mapas de programa\u00e7\u00e3o, etc.<\/p><p>Os locais em que existem oportunidades de trabalho para esse profissional s\u00e3o emissora de televis\u00e3o e r\u00e1dios educativas, comunit\u00e1rias e comerciais. Est\u00fadios, produtoras de v\u00eddeo e ag\u00eancias de publicidades.<\/p><p>\u00a0<\/p><p>\u00a0<\/p>\t\t\t\t\t\t\t\t<\/div>\n\t\t\t\t<\/div>\n\t\t\t\t\t<\/div>\n\t\t<\/div>\n\t\t\t\t\t<\/div>\n\t\t<\/section>\n\t\t\t\t<section class=\"elementor-section elementor-top-section elementor-element elementor-element-ea28850 elementor-section-boxed elementor-section-height-default elementor-section-height-default wpr-particle-no wpr-jarallax-no wpr-parallax-no wpr-sticky-section-no\" data-id=\"ea28850\" data-element_type=\"section\">\n\t\t\t\t\t\t<div class=\"elementor-container elementor-column-gap-default\">\n\t\t\t\t\t<div class=\"elementor-column elementor-col-100 elementor-top-column elementor-element elementor-element-85e0adc\" data-id=\"85e0adc\" data-element_type=\"column\">\n\t\t\t<div class=\"elementor-widget-wrap elementor-element-populated\">\n\t\t\t\t\t\t<div class=\"elementor-element elementor-element-ce28bdf elementor-widget elementor-widget-spacer\" data-id=\"ce28bdf\" data-element_type=\"widget\" data-widget_type=\"spacer.default\">\n\t\t\t\t<div class=\"elementor-widget-container\">\n\t\t\t\t\t\t\t<div class=\"elementor-spacer\">\n\t\t\t<div class=\"elementor-spacer-inner\"><\/div>\n\t\t<\/div>\n\t\t\t\t\t\t<\/div>\n\t\t\t\t<\/div>\n\t\t\t\t\t<\/div>\n\t\t<\/div>\n\t\t\t\t\t<\/div>\n\t\t<\/section>\n\t\t\t\t<section class=\"elementor-section elementor-top-section elementor-element elementor-element-418f49d7 elementor-section-boxed elementor-section-height-default elementor-section-height-default wpr-particle-no wpr-jarallax-no wpr-parallax-no wpr-sticky-section-no\" data-id=\"418f49d7\" data-element_type=\"section\">\n\t\t\t\t\t\t<div class=\"elementor-container elementor-column-gap-default\">\n\t\t\t\t\t<div class=\"elementor-column elementor-col-100 elementor-top-column elementor-element elementor-element-62bb2f1e\" data-id=\"62bb2f1e\" data-element_type=\"column\">\n\t\t\t<div class=\"elementor-widget-wrap elementor-element-populated\">\n\t\t\t\t\t\t<div class=\"elementor-element elementor-element-7ab63fa elementor-widget elementor-widget-heading\" data-id=\"7ab63fa\" data-element_type=\"widget\" data-widget_type=\"heading.default\">\n\t\t\t\t<div class=\"elementor-widget-container\">\n\t\t\t\t\t<h2 class=\"elementor-heading-title elementor-size-default\">Aten\u00e7\u00e3o!<br> Para garantir que voc\u00ea vai estudar em uma institui\u00e7\u00e3o com mais de 60 anos de tradi\u00e7\u00e3o e inova\u00e7\u00e3o, n\u00e3o se esque\u00e7a de escolher a unidade do Grupo Educacional Fupac\/Unipac mais perto de voc\u00ea!<\/h2>\t\t\t\t<\/div>\n\t\t\t\t<\/div>\n\t\t\t\t<div class=\"elementor-element elementor-element-5416192a elementor-align-center elementor-widget elementor-widget-button\" data-id=\"5416192a\" data-element_type=\"widget\" data-widget_type=\"button.default\">\n\t\t\t\t<div class=\"elementor-widget-container\">\n\t\t\t\t\t\t\t\t\t<div class=\"elementor-button-wrapper\">\n\t\t\t\t\t<a class=\"elementor-button elementor-button-link elementor-size-sm\" href=\"https:\/\/www.trilhasdefuturo.mg.gov.br\/app\/verificacao\">\n\t\t\t\t\t\t<span class=\"elementor-button-content-wrapper\">\n\t\t\t\t\t\t\t\t\t<span class=\"elementor-button-text\">INSCREVA-SE AGORA!<\/span>\n\t\t\t\t\t<\/span>\n\t\t\t\t\t<\/a>\n\t\t\t\t<\/div>\n\t\t\t\t\t\t\t\t<\/div>\n\t\t\t\t<\/div>\n\t\t\t\t\t<\/div>\n\t\t<\/div>\n\t\t\t\t\t<\/div>\n\t\t<\/section>\n\t\t\t\t<\/div>\n\t\t","protected":false},"excerpt":{"rendered":"<p>T\u00c9CNICO EM PRODU\u00c7\u00c3O DE \u00c1UDIO E V\u00cdDEO O\u00a0Curso T\u00e9cnico em \u00c1udio e V\u00eddeo, que tem como objetivo aperfei\u00e7oar de forma t\u00e9cnica aqueles que articulam trabalhos, cultura, ci\u00eancia e tecnologia. Durante o curso, o estudante aprende sobre conte\u00fados instrumentais, conhecimentos para compreens\u00e3o do mundo audiovisual e realizar atividades pr\u00e1ticas. INSCREVA-SE AGORA! Habilidades | T\u00e9cnico em \u00c1udio e V\u00eddeo \u00a0 Com a competitividade que o mercado de trabalho tem apresentado ultimamente, contar com uma identidade profissional diferenciada \u00e9 um dos grandes passos para destacar-se no mercado, bem como, chamar a aten\u00e7\u00e3o do empregador, que busca cada vez mais por profissionais com m\u00e3o de obra qualificada.\u00a0 Portanto, para que o indiv\u00edduo venha conquistar excelentes\u00a0vagas de emprego, faz-se necess\u00e1rio que ele desenvolva ou aprimore habilidades importantes para o seu\u00a0perfil profissional. Conhe\u00e7a a seguir algumas caracter\u00edsticas essenciais para um profissional t\u00e9cnico em \u00e1udio e v\u00eddeo: \u00a0 Dinamismo; Gosto pelas atividades culturais e art\u00edsticas; Imagina\u00e7\u00e3o e Criatividade; Gostar de fotografia, filmes e v\u00eddeos; Ter aten\u00e7\u00e3o aos detalhes; Sensibilidade art\u00edstica; Facilidade de comunica\u00e7\u00e3o, entre outras. Carreira | T\u00e9cnico em \u00c1udio e V\u00eddeo Outras atividades que ficam sob sua responsabilidade s\u00e3o: a investiga\u00e7\u00e3o da utiliza\u00e7\u00e3o de tecnologias de tratamento ac\u00fastico, de imagem, luminosidade e anima\u00e7\u00e3o. Ele tamb\u00e9m prepara material audiovisual, elabora fichas t\u00e9cnicas, mapas de programa\u00e7\u00e3o, etc. Os locais em que existem oportunidades de trabalho para esse profissional s\u00e3o emissora de televis\u00e3o e r\u00e1dios educativas, comunit\u00e1rias e comerciais. Est\u00fadios, produtoras de v\u00eddeo e ag\u00eancias de publicidades. \u00a0 \u00a0 Aten\u00e7\u00e3o! Para garantir que voc\u00ea vai estudar em uma institui\u00e7\u00e3o com mais de 60 anos de tradi\u00e7\u00e3o e inova\u00e7\u00e3o, n\u00e3o se esque\u00e7a de escolher a unidade do Grupo Educacional Fupac\/Unipac mais perto de voc\u00ea! INSCREVA-SE AGORA!<\/p>\n","protected":false},"author":1,"featured_media":0,"parent":0,"menu_order":0,"comment_status":"closed","ping_status":"closed","template":"","meta":{"footnotes":""},"class_list":["post-914","page","type-page","status-publish","hentry"],"_links":{"self":[{"href":"https:\/\/trilhasdefuturo.unipac.br\/wp-json\/wp\/v2\/pages\/914","targetHints":{"allow":["GET"]}}],"collection":[{"href":"https:\/\/trilhasdefuturo.unipac.br\/wp-json\/wp\/v2\/pages"}],"about":[{"href":"https:\/\/trilhasdefuturo.unipac.br\/wp-json\/wp\/v2\/types\/page"}],"author":[{"embeddable":true,"href":"https:\/\/trilhasdefuturo.unipac.br\/wp-json\/wp\/v2\/users\/1"}],"replies":[{"embeddable":true,"href":"https:\/\/trilhasdefuturo.unipac.br\/wp-json\/wp\/v2\/comments?post=914"}],"version-history":[{"count":13,"href":"https:\/\/trilhasdefuturo.unipac.br\/wp-json\/wp\/v2\/pages\/914\/revisions"}],"predecessor-version":[{"id":1347,"href":"https:\/\/trilhasdefuturo.unipac.br\/wp-json\/wp\/v2\/pages\/914\/revisions\/1347"}],"wp:attachment":[{"href":"https:\/\/trilhasdefuturo.unipac.br\/wp-json\/wp\/v2\/media?parent=914"}],"curies":[{"name":"wp","href":"https:\/\/api.w.org\/{rel}","templated":true}]}}