{"id":517,"date":"2023-04-19T18:40:12","date_gmt":"2023-04-19T18:40:12","guid":{"rendered":"https:\/\/trilhasdefuturo.unipac.br\/?page_id=517"},"modified":"2025-09-11T14:50:44","modified_gmt":"2025-09-11T14:50:44","slug":"tecnico-em-analises-clinicas","status":"publish","type":"page","link":"https:\/\/trilhasdefuturo.unipac.br\/tecnico-em-analises-clinicas\/","title":{"rendered":"T\u00e9cnico em An\u00e1lises Cl\u00ednicas"},"content":{"rendered":"\t\t<div data-elementor-type=\"wp-page\" data-elementor-id=\"517\" class=\"elementor elementor-517\" data-elementor-post-type=\"page\">\n\t\t\t\t\t\t<section class=\"elementor-section elementor-top-section elementor-element elementor-element-8ce375b elementor-section-boxed elementor-section-height-default elementor-section-height-default wpr-particle-no wpr-jarallax-no wpr-parallax-no wpr-sticky-section-no\" data-id=\"8ce375b\" data-element_type=\"section\">\n\t\t\t\t\t\t<div class=\"elementor-container elementor-column-gap-default\">\n\t\t\t\t\t<div class=\"elementor-column elementor-col-50 elementor-top-column elementor-element elementor-element-1fd95a2\" data-id=\"1fd95a2\" data-element_type=\"column\">\n\t\t\t<div class=\"elementor-widget-wrap elementor-element-populated\">\n\t\t\t\t\t\t<div class=\"elementor-element elementor-element-bda1ba6 elementor-widget elementor-widget-image\" data-id=\"bda1ba6\" data-element_type=\"widget\" data-widget_type=\"image.default\">\n\t\t\t\t<div class=\"elementor-widget-container\">\n\t\t\t\t\t\t\t\t\t\t\t\t\t\t\t<img fetchpriority=\"high\" decoding=\"async\" width=\"800\" height=\"1000\" src=\"https:\/\/trilhasdefuturo.unipac.br\/wp-content\/uploads\/2025\/09\/Analises-Clinicas-819x1024.jpg\" class=\"attachment-large size-large wp-image-1218\" alt=\"\" srcset=\"https:\/\/trilhasdefuturo.unipac.br\/wp-content\/uploads\/2025\/09\/Analises-Clinicas-819x1024.jpg 819w, https:\/\/trilhasdefuturo.unipac.br\/wp-content\/uploads\/2025\/09\/Analises-Clinicas-240x300.jpg 240w, https:\/\/trilhasdefuturo.unipac.br\/wp-content\/uploads\/2025\/09\/Analises-Clinicas-768x960.jpg 768w, https:\/\/trilhasdefuturo.unipac.br\/wp-content\/uploads\/2025\/09\/Analises-Clinicas.jpg 1080w\" sizes=\"(max-width: 800px) 100vw, 800px\" \/>\t\t\t\t\t\t\t\t\t\t\t\t\t\t\t<\/div>\n\t\t\t\t<\/div>\n\t\t\t\t\t<\/div>\n\t\t<\/div>\n\t\t\t\t<div class=\"elementor-column elementor-col-50 elementor-top-column elementor-element elementor-element-b831b5e\" data-id=\"b831b5e\" data-element_type=\"column\">\n\t\t\t<div class=\"elementor-widget-wrap elementor-element-populated\">\n\t\t\t\t\t\t<div class=\"elementor-element elementor-element-f15dbec elementor-widget elementor-widget-heading\" data-id=\"f15dbec\" data-element_type=\"widget\" data-widget_type=\"heading.default\">\n\t\t\t\t<div class=\"elementor-widget-container\">\n\t\t\t\t\t<h2 class=\"elementor-heading-title elementor-size-default\">T\u00e9cnico em An\u00e1lises Cl\u00ednicas <\/h2>\t\t\t\t<\/div>\n\t\t\t\t<\/div>\n\t\t\t\t<div class=\"elementor-element elementor-element-d08a693 elementor-widget elementor-widget-text-editor\" data-id=\"d08a693\" data-element_type=\"widget\" data-widget_type=\"text-editor.default\">\n\t\t\t\t<div class=\"elementor-widget-container\">\n\t\t\t\t\t\t\t\t\t<p><strong>Perfil profissional de conclus\u00e3o<\/strong><\/p><ul><li><p>Executar, sob a supervis\u00e3o do profissional respons\u00e1vel de n\u00edvel superior, processos operacionais necess\u00e1rios ao diagn\u00f3stico laboratorial que compreendem a fase pr\u00e9-anal\u00edtica e anal\u00edtica nos setores da parasitologia, microbiologia, imunologia, hematologia, bioqu\u00edmica, biologia molecular, horm\u00f4nios, toxicologia e l\u00edquidos corporais.<\/p><ul><li>Operar aparato tecnol\u00f3gico de laborat\u00f3rio de sa\u00fade e equipamentos anal\u00edticos e de suporte \u00e0s atividades laboratoriais.<\/li><li>Participar de campanhas educativas e incentivar as atividades comunit\u00e1rias de aten\u00e7\u00e3o prim\u00e1ria, promovendo a integra\u00e7\u00e3o entre a equipe de sa\u00fade e a comunidade.<\/li><li>Recepcionar e cadastrar clientes e exames; realizar processos de coleta, recep\u00e7\u00e3o, prepara\u00e7\u00e3o e an\u00e1lise das amostras, colaborando ainda na investiga\u00e7\u00e3o e implanta\u00e7\u00e3o de novas tecnologias biom\u00e9dicas.<\/li><li>Trabalhar de acordo com as normas de biosseguran\u00e7a e qualidade, e aplicar as t\u00e9cnicas adequadas no descarte de res\u00edduos de servi\u00e7os de sa\u00fade, protegendo os indiv\u00edduos e o meio ambiente.<\/li><\/ul><\/li><\/ul>\t\t\t\t\t\t\t\t<\/div>\n\t\t\t\t<\/div>\n\t\t\t\t<div class=\"elementor-element elementor-element-916aa9d elementor-align-left elementor-widget elementor-widget-button\" data-id=\"916aa9d\" data-element_type=\"widget\" data-widget_type=\"button.default\">\n\t\t\t\t<div class=\"elementor-widget-container\">\n\t\t\t\t\t\t\t\t\t<div class=\"elementor-button-wrapper\">\n\t\t\t\t\t<a class=\"elementor-button elementor-button-link elementor-size-sm\" href=\"https:\/\/www.trilhasdefuturo.mg.gov.br\/app\/verificacao\">\n\t\t\t\t\t\t<span class=\"elementor-button-content-wrapper\">\n\t\t\t\t\t\t\t\t\t<span class=\"elementor-button-text\">INSCREVA-SE AGORA!<\/span>\n\t\t\t\t\t<\/span>\n\t\t\t\t\t<\/a>\n\t\t\t\t<\/div>\n\t\t\t\t\t\t\t\t<\/div>\n\t\t\t\t<\/div>\n\t\t\t\t\t<\/div>\n\t\t<\/div>\n\t\t\t\t\t<\/div>\n\t\t<\/section>\n\t\t\t\t<section class=\"elementor-section elementor-top-section elementor-element elementor-element-d6511c5 elementor-section-boxed elementor-section-height-default elementor-section-height-default wpr-particle-no wpr-jarallax-no wpr-parallax-no wpr-sticky-section-no\" data-id=\"d6511c5\" data-element_type=\"section\">\n\t\t\t\t\t\t<div class=\"elementor-container elementor-column-gap-default\">\n\t\t\t\t\t<div class=\"elementor-column elementor-col-100 elementor-top-column elementor-element elementor-element-e849a75\" data-id=\"e849a75\" data-element_type=\"column\">\n\t\t\t<div class=\"elementor-widget-wrap elementor-element-populated\">\n\t\t\t\t\t\t<div class=\"elementor-element elementor-element-f952caa elementor-widget elementor-widget-spacer\" data-id=\"f952caa\" data-element_type=\"widget\" data-widget_type=\"spacer.default\">\n\t\t\t\t<div class=\"elementor-widget-container\">\n\t\t\t\t\t\t\t<div class=\"elementor-spacer\">\n\t\t\t<div class=\"elementor-spacer-inner\"><\/div>\n\t\t<\/div>\n\t\t\t\t\t\t<\/div>\n\t\t\t\t<\/div>\n\t\t\t\t\t<\/div>\n\t\t<\/div>\n\t\t\t\t\t<\/div>\n\t\t<\/section>\n\t\t\t\t<section class=\"elementor-section elementor-top-section elementor-element elementor-element-6e0215d elementor-section-boxed elementor-section-height-default elementor-section-height-default wpr-particle-no wpr-jarallax-no wpr-parallax-no wpr-sticky-section-no\" data-id=\"6e0215d\" data-element_type=\"section\">\n\t\t\t\t\t\t<div class=\"elementor-container elementor-column-gap-default\">\n\t\t\t\t\t<div class=\"elementor-column elementor-col-33 elementor-top-column elementor-element elementor-element-a7e7244\" data-id=\"a7e7244\" data-element_type=\"column\">\n\t\t\t<div class=\"elementor-widget-wrap elementor-element-populated\">\n\t\t\t\t\t\t<div class=\"elementor-element elementor-element-5ca94fd elementor-widget elementor-widget-text-editor\" data-id=\"5ca94fd\" data-element_type=\"widget\" data-widget_type=\"text-editor.default\">\n\t\t\t\t<div class=\"elementor-widget-container\">\n\t\t\t\t\t\t\t\t\t<p><strong>Para a atua\u00e7\u00e3o como T\u00e9cnico em An\u00e1lises Cl\u00ednicas, s\u00e3o fundamentais<\/strong><\/p><p>Conhecimentos das pol\u00edticas p\u00fablicas de sa\u00fade e compreens\u00e3o de sua atua\u00e7\u00e3o profissional frente \u00e0s diretrizes, princ\u00edpios e estrutura organizacional do Sistema \u00danico de Sa\u00fade (SUS).<\/p><ul><li>Conhecimentos e saberes relacionados aos princ\u00edpios das t\u00e9cnicas aplicadas na \u00e1rea, sempre pautados numa postura humana, \u00e9tica e bio\u00e9tica.<\/li><li>Capacidade de racioc\u00ednio l\u00f3gico, coordena\u00e7\u00e3o motora fina, capacidade de concentra\u00e7\u00e3o e boa acuidade (percep\u00e7\u00e3o) visual.<\/li><li>Resolu\u00e7\u00e3o de situa\u00e7\u00f5es-problema, comunica\u00e7\u00e3o, trabalho em equipe e interdisciplinar, tecnologias da informa\u00e7\u00e3o e da comunica\u00e7\u00e3o, gest\u00e3o de conflitos e \u00e9tica profissional.<\/li><li>Organiza\u00e7\u00e3o e responsabilidade.<\/li><li>Iniciativa social.<\/li><li>Determina\u00e7\u00e3o e criatividade, buscando promover a humaniza\u00e7\u00e3o da assist\u00eancia.<\/li><li>Atualiza\u00e7\u00e3o e aperfei\u00e7oamento profissional por meio da Educa\u00e7\u00e3o Continuada.<\/li><\/ul>\t\t\t\t\t\t\t\t<\/div>\n\t\t\t\t<\/div>\n\t\t\t\t\t<\/div>\n\t\t<\/div>\n\t\t\t\t<div class=\"elementor-column elementor-col-33 elementor-top-column elementor-element elementor-element-625df52\" data-id=\"625df52\" data-element_type=\"column\" data-settings=\"{&quot;background_background&quot;:&quot;classic&quot;}\">\n\t\t\t<div class=\"elementor-widget-wrap elementor-element-populated\">\n\t\t\t\t\t\t<div class=\"elementor-element elementor-element-5edcaa3 elementor-widget elementor-widget-text-editor\" data-id=\"5edcaa3\" data-element_type=\"widget\" data-widget_type=\"text-editor.default\">\n\t\t\t\t<div class=\"elementor-widget-container\">\n\t\t\t\t\t\t\t\t\t<p><strong>Legisla\u00e7\u00e3o profissional<\/strong><\/p><p><u>Conselho Federal de Farm\u00e1cia. Resolu\u00e7\u00e3o n\u00ba 485, de 21 de agosto de 2008<\/u><\/p><p>BRASIL. Conselho Federal de Farm\u00e1cia. Resolu\u00e7\u00e3o n\u00ba 485, de 21 de agosto de 2008. Disp\u00f5e sobre o \u00c2mbito Profissional de T\u00e9cnico de Laborat\u00f3rio de N\u00edvel M\u00e9dio em An\u00e1lises Cl\u00ednicas. Di\u00e1rio Oficial da Uni\u00e3o, DF, n\u00ba 188, 29\/09\/2008, se\u00e7\u00e3o 1, p. 137.<\/p>\t\t\t\t\t\t\t\t<\/div>\n\t\t\t\t<\/div>\n\t\t\t\t\t<\/div>\n\t\t<\/div>\n\t\t\t\t<div class=\"elementor-column elementor-col-33 elementor-top-column elementor-element elementor-element-9bbce13\" data-id=\"9bbce13\" data-element_type=\"column\">\n\t\t\t<div class=\"elementor-widget-wrap elementor-element-populated\">\n\t\t\t\t\t\t<div class=\"elementor-element elementor-element-b83c323 elementor-widget elementor-widget-text-editor\" data-id=\"b83c323\" data-element_type=\"widget\" data-widget_type=\"text-editor.default\">\n\t\t\t\t<div class=\"elementor-widget-container\">\n\t\t\t\t\t\t\t\t\t<p><strong>Campo de atua\u00e7\u00e3o<\/strong><\/p><ul><li>Laborat\u00f3rio de An\u00e1lises Cl\u00ednicas e de Diagn\u00f3sticos M\u00e9dicos em Hospitais, Cl\u00ednicas, Unidades B\u00e1sicas de Sa\u00fade (UBS)<\/li><li>Unidades de Pronto Atendimento (UPAS)<\/li><li>Hemocentros<\/li><li>Laborat\u00f3rios Veterin\u00e1rios<\/li><li>Laborat\u00f3rios de Toxicologia<\/li><li>Laborat\u00f3rios de Pesquisas Biom\u00e9dicas<\/li><li>Laborat\u00f3rios de Ensino<\/li><li>Laborat\u00f3rios de Controle de Qualidade em Sa\u00fade<\/li><li>Laborat\u00f3rios de Microbiologia de Alimentos<\/li><\/ul>\t\t\t\t\t\t\t\t<\/div>\n\t\t\t\t<\/div>\n\t\t\t\t\t<\/div>\n\t\t<\/div>\n\t\t\t\t\t<\/div>\n\t\t<\/section>\n\t\t\t\t<section class=\"elementor-section elementor-top-section elementor-element elementor-element-ea28850 elementor-section-boxed elementor-section-height-default elementor-section-height-default wpr-particle-no wpr-jarallax-no wpr-parallax-no wpr-sticky-section-no\" data-id=\"ea28850\" data-element_type=\"section\">\n\t\t\t\t\t\t<div class=\"elementor-container elementor-column-gap-default\">\n\t\t\t\t\t<div class=\"elementor-column elementor-col-100 elementor-top-column elementor-element elementor-element-85e0adc\" data-id=\"85e0adc\" data-element_type=\"column\">\n\t\t\t<div class=\"elementor-widget-wrap elementor-element-populated\">\n\t\t\t\t\t\t<div class=\"elementor-element elementor-element-ce28bdf elementor-widget elementor-widget-spacer\" data-id=\"ce28bdf\" data-element_type=\"widget\" data-widget_type=\"spacer.default\">\n\t\t\t\t<div class=\"elementor-widget-container\">\n\t\t\t\t\t\t\t<div class=\"elementor-spacer\">\n\t\t\t<div class=\"elementor-spacer-inner\"><\/div>\n\t\t<\/div>\n\t\t\t\t\t\t<\/div>\n\t\t\t\t<\/div>\n\t\t\t\t\t<\/div>\n\t\t<\/div>\n\t\t\t\t\t<\/div>\n\t\t<\/section>\n\t\t\t\t<section class=\"elementor-section elementor-top-section elementor-element elementor-element-22dcdfe5 elementor-section-boxed elementor-section-height-default elementor-section-height-default wpr-particle-no wpr-jarallax-no wpr-parallax-no wpr-sticky-section-no\" data-id=\"22dcdfe5\" data-element_type=\"section\">\n\t\t\t\t\t\t<div class=\"elementor-container elementor-column-gap-default\">\n\t\t\t\t\t<div class=\"elementor-column elementor-col-100 elementor-top-column elementor-element elementor-element-12e31373\" data-id=\"12e31373\" data-element_type=\"column\">\n\t\t\t<div class=\"elementor-widget-wrap elementor-element-populated\">\n\t\t\t\t\t\t<div class=\"elementor-element elementor-element-347c29e9 elementor-widget elementor-widget-heading\" data-id=\"347c29e9\" data-element_type=\"widget\" data-widget_type=\"heading.default\">\n\t\t\t\t<div class=\"elementor-widget-container\">\n\t\t\t\t\t<h2 class=\"elementor-heading-title elementor-size-default\">Aten\u00e7\u00e3o!<br> Para garantir que voc\u00ea vai estudar em uma institui\u00e7\u00e3o com mais de 60 anos de tradi\u00e7\u00e3o e inova\u00e7\u00e3o, n\u00e3o se esque\u00e7a de escolher a unidade do Grupo Educacional Fupac\/Unipac mais perto de voc\u00ea!<\/h2>\t\t\t\t<\/div>\n\t\t\t\t<\/div>\n\t\t\t\t<div class=\"elementor-element elementor-element-60ddb2ba elementor-align-center elementor-widget elementor-widget-button\" data-id=\"60ddb2ba\" data-element_type=\"widget\" data-widget_type=\"button.default\">\n\t\t\t\t<div class=\"elementor-widget-container\">\n\t\t\t\t\t\t\t\t\t<div class=\"elementor-button-wrapper\">\n\t\t\t\t\t<a class=\"elementor-button elementor-button-link elementor-size-sm\" href=\"https:\/\/www.trilhasdefuturo.mg.gov.br\/app\/verificacao\">\n\t\t\t\t\t\t<span class=\"elementor-button-content-wrapper\">\n\t\t\t\t\t\t\t\t\t<span class=\"elementor-button-text\">INSCREVA-SE AGORA!<\/span>\n\t\t\t\t\t<\/span>\n\t\t\t\t\t<\/a>\n\t\t\t\t<\/div>\n\t\t\t\t\t\t\t\t<\/div>\n\t\t\t\t<\/div>\n\t\t\t\t\t<\/div>\n\t\t<\/div>\n\t\t\t\t\t<\/div>\n\t\t<\/section>\n\t\t\t\t<\/div>\n\t\t","protected":false},"excerpt":{"rendered":"<p>T\u00e9cnico em An\u00e1lises Cl\u00ednicas Perfil profissional de conclus\u00e3o Executar, sob a supervis\u00e3o do profissional respons\u00e1vel de n\u00edvel superior, processos operacionais necess\u00e1rios ao diagn\u00f3stico laboratorial que compreendem a fase pr\u00e9-anal\u00edtica e anal\u00edtica nos setores da parasitologia, microbiologia, imunologia, hematologia, bioqu\u00edmica, biologia molecular, horm\u00f4nios, toxicologia e l\u00edquidos corporais. Operar aparato tecnol\u00f3gico de laborat\u00f3rio de sa\u00fade e equipamentos anal\u00edticos e de suporte \u00e0s atividades laboratoriais. Participar de campanhas educativas e incentivar as atividades comunit\u00e1rias de aten\u00e7\u00e3o prim\u00e1ria, promovendo a integra\u00e7\u00e3o entre a equipe de sa\u00fade e a comunidade. Recepcionar e cadastrar clientes e exames; realizar processos de coleta, recep\u00e7\u00e3o, prepara\u00e7\u00e3o e an\u00e1lise das amostras, colaborando ainda na investiga\u00e7\u00e3o e implanta\u00e7\u00e3o de novas tecnologias biom\u00e9dicas. Trabalhar de acordo com as normas de biosseguran\u00e7a e qualidade, e aplicar as t\u00e9cnicas adequadas no descarte de res\u00edduos de servi\u00e7os de sa\u00fade, protegendo os indiv\u00edduos e o meio ambiente. INSCREVA-SE AGORA! Para a atua\u00e7\u00e3o como T\u00e9cnico em An\u00e1lises Cl\u00ednicas, s\u00e3o fundamentais Conhecimentos das pol\u00edticas p\u00fablicas de sa\u00fade e compreens\u00e3o de sua atua\u00e7\u00e3o profissional frente \u00e0s diretrizes, princ\u00edpios e estrutura organizacional do Sistema \u00danico de Sa\u00fade (SUS). Conhecimentos e saberes relacionados aos princ\u00edpios das t\u00e9cnicas aplicadas na \u00e1rea, sempre pautados numa postura humana, \u00e9tica e bio\u00e9tica. Capacidade de racioc\u00ednio l\u00f3gico, coordena\u00e7\u00e3o motora fina, capacidade de concentra\u00e7\u00e3o e boa acuidade (percep\u00e7\u00e3o) visual. Resolu\u00e7\u00e3o de situa\u00e7\u00f5es-problema, comunica\u00e7\u00e3o, trabalho em equipe e interdisciplinar, tecnologias da informa\u00e7\u00e3o e da comunica\u00e7\u00e3o, gest\u00e3o de conflitos e \u00e9tica profissional. Organiza\u00e7\u00e3o e responsabilidade. Iniciativa social. Determina\u00e7\u00e3o e criatividade, buscando promover a humaniza\u00e7\u00e3o da assist\u00eancia. Atualiza\u00e7\u00e3o e aperfei\u00e7oamento profissional por meio da Educa\u00e7\u00e3o Continuada. Legisla\u00e7\u00e3o profissional Conselho Federal de Farm\u00e1cia. Resolu\u00e7\u00e3o n\u00ba 485, de 21 de agosto de 2008 BRASIL. Conselho Federal de Farm\u00e1cia. Resolu\u00e7\u00e3o n\u00ba 485, de 21 de agosto de 2008. Disp\u00f5e sobre o \u00c2mbito Profissional de T\u00e9cnico de Laborat\u00f3rio de N\u00edvel M\u00e9dio em An\u00e1lises Cl\u00ednicas. Di\u00e1rio Oficial da Uni\u00e3o, DF, n\u00ba 188, 29\/09\/2008, se\u00e7\u00e3o 1, p. 137. Campo de atua\u00e7\u00e3o Laborat\u00f3rio de An\u00e1lises Cl\u00ednicas e de Diagn\u00f3sticos M\u00e9dicos em Hospitais, Cl\u00ednicas, Unidades B\u00e1sicas de Sa\u00fade (UBS) Unidades de Pronto Atendimento (UPAS) Hemocentros Laborat\u00f3rios Veterin\u00e1rios Laborat\u00f3rios de Toxicologia Laborat\u00f3rios de Pesquisas Biom\u00e9dicas Laborat\u00f3rios de Ensino Laborat\u00f3rios de Controle de Qualidade em Sa\u00fade Laborat\u00f3rios de Microbiologia de Alimentos Aten\u00e7\u00e3o! Para garantir que voc\u00ea vai estudar em uma institui\u00e7\u00e3o com mais de 60 anos de tradi\u00e7\u00e3o e inova\u00e7\u00e3o, n\u00e3o se esque\u00e7a de escolher a unidade do Grupo Educacional Fupac\/Unipac mais perto de voc\u00ea! INSCREVA-SE AGORA!<\/p>\n","protected":false},"author":1,"featured_media":0,"parent":0,"menu_order":0,"comment_status":"closed","ping_status":"closed","template":"","meta":{"footnotes":""},"class_list":["post-517","page","type-page","status-publish","hentry"],"_links":{"self":[{"href":"https:\/\/trilhasdefuturo.unipac.br\/wp-json\/wp\/v2\/pages\/517","targetHints":{"allow":["GET"]}}],"collection":[{"href":"https:\/\/trilhasdefuturo.unipac.br\/wp-json\/wp\/v2\/pages"}],"about":[{"href":"https:\/\/trilhasdefuturo.unipac.br\/wp-json\/wp\/v2\/types\/page"}],"author":[{"embeddable":true,"href":"https:\/\/trilhasdefuturo.unipac.br\/wp-json\/wp\/v2\/users\/1"}],"replies":[{"embeddable":true,"href":"https:\/\/trilhasdefuturo.unipac.br\/wp-json\/wp\/v2\/comments?post=517"}],"version-history":[{"count":16,"href":"https:\/\/trilhasdefuturo.unipac.br\/wp-json\/wp\/v2\/pages\/517\/revisions"}],"predecessor-version":[{"id":1320,"href":"https:\/\/trilhasdefuturo.unipac.br\/wp-json\/wp\/v2\/pages\/517\/revisions\/1320"}],"wp:attachment":[{"href":"https:\/\/trilhasdefuturo.unipac.br\/wp-json\/wp\/v2\/media?parent=517"}],"curies":[{"name":"wp","href":"https:\/\/api.w.org\/{rel}","templated":true}]}}